 Determine k(p).
30
Suppose 0 = -3*v - 2*v. Suppose -5*u - j + 9 = 0, 3*u + v*j = j - 1. Let b(n) = n - 1. Determine b(u).
0
Let j(o) = -2*o**2 + 9*o + 1611 - 1603 + 3*o**2. What is j(-8)?
0
Let z(w) = -2*w + 2. Let t be z(0). Suppose 0*h - 5*h - 20 = 5*m, 5*h + 5 = -t*m. Let d(x) = -x**3 - 5*x**2 + 3. Give d(m).
3
Let i(h) = -h + 13. Let s be 72/(-20) + (-4)/10. Let p be 60/10*2/s. Let t(o) = o + 9. Let q be t(p). Calculate i(q).
7
Let i(c) = -1 + 2*c - 9*c - c - 1 + c**2. Give i(9).
7
Let i(j) be the second derivative of j**4/3 - j**3/3 - 167*j. What is i(-2)?
20
Let u(p) = 3*p + 6. Let o(j) = -3*j - 2. Let y(k) = k. Let d(t) = -o(t) - 2*y(t). Let z(c) = -14*d(c) + 4*u(c). Calculate z(3).
-10
Suppose 4 = 4*i, -16*l + 12*l - 5*i = -29. Let t(f) be the third derivative of 0 - f**2 + 1/2*f**3 - 1/60*f**5 + 0*f + 1/4*f**4. Give t(l).
3
Let m = 1 - 1. Suppose m + 8 = -4*j. Let q(y) be the third derivative of y**4/8 + y**3/3 - 15*y**2 - 2. Determine q(j).
-4
Suppose 2*x + 2 = 2*f, -2*f + 3*f = -3*x + 17. Let b be -2 - (-3 + f)*1. Let k(j) = -j + 1. Let v be k(b). Let p(c) = c - 5. Determine p(v).
0
Suppose 3*o - 73 = 4*p, -79 = 4*p - 0*p + 3*o. Let m = p - -15. Let w(f) = 2*f + 3. Calculate w(m).
-5
Let o(k) be the second derivative of -k**5/20 - k**4/12 + k**3/6 + 4*k**2 + 2*k + 77. Suppose 3*w = n - 4, 0*w - 20 = 3*w - 5*n. Determine o(w).
8
Suppose -184*t = -187*t - 15, -g + 4*t + 25 = 0. Let u(q) = -q**3 + 5*q**2 - 2*q. Calculate u(g).
-10
Let w(q) be the first derivative of 7*q - 2 + 1/2*q**2. Suppose 4*o = 3*c - 7, 0 = o - 2. Give w(c).
12
Suppose 0 = -3*z - 1 + 25. Let j(t) = 4*t**2 - z*t**3 - 2*t + 2*t + 5*t + 3. Let w(y) = 9*y**3 - 3*y**2 - 4*y - 2. Let f(r) = -3*j(r) - 4*w(r). Calculate f(1).
-12
Let q(y) = -9*y + y - 33 + 30 + 0*y. Calculate q(-2).
13
Let z(d) be the second derivative of 4*d + 5/6*d**3 + 0 + 10*d**2. Let t(m) = -m - 5. Let x(u) = 9*t(u) + 2*z(u). Give x(-4).
-9
Let m be (4 - (-33)/(-6))/((-36)/312). Let a(f) = -f**2 + 15*f - 6. Determine a(m).
20
Let x be 4 - (-28 + -1 + 1). Let i = x - 35. Let q(v) be the third derivative of -v**4/6 - 2*v**3/3 + v**2. What is q(i)?
8
Let s be 0/((-2)/11 + 78/66). Let t(p) = p - 7. Calculate t(s).
-7
Let u(w) = w + 2. Let b be (1 - -2)/(6/4). Let d = 11 + -7. Suppose 2*v + 6 = b*g, 0 = -d*g + 5*v - 0 + 15. Give u(g).
2
Let w be -1 - (1 + (-3 + 3 - 5)). Let y be (3/1 - (-2 + 0)) + w. Let l(u) = u**3 - 9*u**2 + 11*u - 10. What is l(y)?
14
Let k be 2/(-2)*(-1 - -6). Let c(q) = -5*q + 32. Let h = -4 + -1. Let m(l) = 3*l - 21. Let n(j) = h*c(j) - 8*m(j). What is n(k)?
3
Let f(q) = 24*q**2 + 2*q + 20. Let x(z) = -11*z**2 - z - 9. Let v(a) = -4*f(a) - 9*x(a). Let p = -2 - -1. What is v(p)?
3
Let w be 130/50 - -6*2/(-20). Let k(p) be the first derivative of 2*p + w + 1/3*p**3 + 5/2*p**2. Give k(-3).
-4
Suppose -d = a + 9, 13*d + 3*a + 19 = 11*d. Let y(b) be the first derivative of -b**2/2 + b - 1. What is y(d)?
9
Let v(j) = -j**2 + 6*j - 8. Let t be v(5). Let y = 7 + -5. Let a(c) = -17*c - 2 - 3*c**y + 19*c - c**3 - c**2. Give a(t).
-17
Suppose 10*x = 15*x - 30. Suppose u - 2*u + x = 0. Suppose -4*d + 12 = -u*d. Let b(h) = h - 1. What is b(d)?
-7
Let l(p) be the first derivative of p**7/840 - p**6/360 - p**5/120 - p**4/24 + 10*p**3/3 - 3. Let g(o) be the third derivative of l(o). What is g(2)?
1
Let f(p) = -344 + 166 + 168 + 3*p + 0*p. Calculate f(4).
2
Let k be 1/(2/(-3 + 25)). Suppose g + 3*v - k = 6*v, 3*g - v + 7 = 0. Let s(a) = -27 - 22 + 44 - 2*a. Give s(g).
3
Let k(l) = -1 - l**3 + 7 + 0 - l**2 - 2. Let n be k(0). Let t(i) = -2*i - n*i - 3*i + i. Calculate t(-1).
8
Let p(k) be the first derivative of -k**2/2 + k - 49. Let m(l) = -4*l + 3. Let i be m(2). What is p(i)?
6
Let b = -12 + 9. Suppose 5*m = q - 6*q + 5, 2*q + 3*m = 6. Let u(c) = -2*c**2 + 9*c + 4. Let i(s) = s**2 - 3*s - 1. Let r(w) = q*u(w) - 8*i(w). What is r(b)?
-13
Let p = 531 - 531. Let x(c) = -c**3 + c + 1. What is x(p)?
1
Let z(j) be the first derivative of -j**2/2 + 16*j + 506. Give z(10).
6
Let u(q) = q - 10*q**2 + q**3 + 18*q**2 - 9*q**2 - 12. Suppose 4*w + 1 - 1 = 0. What is u(w)?
-12
Suppose -3*m - 4*y + 32 = -0*y, -m + 24 = 4*y. Let u(j) = j**3 + j**2 + 5*j + 1. Let g(d) = -d**2 - d. Let a(l) = -5*g(l) - u(l). Calculate a(m).
-1
Let i(d) = -1 + 3 + d + 7 - 22. Calculate i(-6).
-19
Let j(c) = 43*c + 264. Let z be j(-6). Let f(b) = 2*b - 10. Give f(z).
2
Let k(o) = 13 - 5*o - 6 - o**2 + 4 - 5*o. Calculate k(-9).
20
Let n = 8 - 27. Let q = -18 - n. Let p(l) be the third derivative of -l**4/4 - l**3/6 - 3*l**2. Calculate p(q).
-7
Let v(d) be the first derivative of -d**4/4 + d**3/3 + d**2/2 - 2*d + 531. Suppose 4*p - 10 = -2*m, -4*m + 6 = -p + 4. Calculate v(p).
-4
Let v(w) = -23*w - 2*w**2 - 1 + 12*w + 9*w. Let l be v(-2). Let r(o) = o + 7. Determine r(l).
2
Suppose -5*r + 10 = -3*r. Suppose 0*d + 6 = 2*d. Let l(c) = -10*c + 14*c - 2*c**2 - d + 3*c + c**2. Determine l(r).
7
Let p(r) = r**3 + 4*r**2 - 3*r + 5. Let o = 1 - -13. Let f be 8/(-56) + 30/o. Suppose -f*i = -4*c - 22, 6*i + 6 = -2*c + 2*i. Calculate p(c).
-5
Let q be 0 + (-1)/(-1) - -5. Suppose -3*f - q = -33. Let u be -1 + 5/(15/f). Let y(d) = 2*d**3 - 4*d**2 + 3*d - 1. Determine y(u).
5
Let t(n) = -7*n - 1. Let h(l) = -13*l - 2. Let p(z) = 6*h(z) - 11*t(z). Suppose 5*g - 7*g = 5*m - 29, -5*m + 33 = 4*g. Calculate p(g).
-3
Let y(l) = -14 - 2*l + 10 - 11. Determine y(-10).
5
Let n(t) = -8*t + 5*t**2 - 11*t + 14*t - 9 - 4*t**2. What is n(6)?
-3
Let m(w) = -4*w - 3. Let l be (-2)/10 - (-23)/115. Calculate m(l).
-3
Let v(n) = n + 2. Let a(f) = -5*f - 17. Let t(l) = -a(l) - 4*v(l). What is t(7)?
16
Let u(x) = -x**2 - 5*x + 11. Suppose 0 = -3*o - 2*a - 34, 2*o + a - 2 = -23. Give u(o).
-13
Let y(b) = b**2 + 5*b - 6. Let h(k) = -k**3 - 3*k**2 - k. Let w be h(-3). Let r be (1*-4)/(12/24). Let i = w + r. What is y(i)?
-6
Suppose 4*i = -1 + 5. Let n(q) = 5*q + 4. Let s(a) = 14*a + 11. Let r(k) = -8*n(k) + 3*s(k). Determine r(i).
3
Let m(k) = 43*k**2 - 128*k**2 + 4*k + 44*k**2 + 42*k**2 + 4. What is m(-5)?
9
Let y = -427 - -426. Let m(i) = 17*i**3 - 2*i - 1. Determine m(y).
-16
Let g(t) be the first derivative of -t**4/4 + 7*t**3/3 - 3*t**2 - 7*t - 34. Give g(6).
-7
Let s(b) be the first derivative of -3*b**2/2 + 3*b - 440. Determine s(5).
-12
Suppose 6*p - 30 = p. Let k(f) = -f. Let l(s) = -3*s + 1. Let z(n) = p*l(n) - 17*k(n). Determine z(6).
0
Suppose 11*o = 3*o - 24. Let r(b) = b - 4. Give r(o).
-7
Let r be 3/5*30/6. Suppose r*x + 8 = -2*j, -4*j = -7*j + x - 12. Let m(i) be the first derivative of i**2 + 4*i + 4. What is m(j)?
-4
Let r(p) = -p**3 - 7*p**2 - 6*p + 2. Let q be r(-6). Let j(h) = 5*h**2 - q - 36*h + 69*h - 4*h**2 - 42*h. Give j(9).
-2
Let l(m) = 5*m + 33. Suppose -6*u - 17 = 25. Let d be l(u). Let b(x) be the second derivative of x**3/3 + 3*x**2/2 + 3*x. What is b(d)?
-1
Let x = -30 + 19. Let n(u) = -14*u - 14. Let s(g) = -5*g - 5. Let h(t) = x*s(t) + 4*n(t). What is h(5)?
-6
Let l(o) = -5*o**2 - o - 1. Let y = -17 + 30. Let w = 5 + -19. Let v = y + w. What is l(v)?
-5
Let j(y) = 3*y - 2. Let a(f) = -5*f + 4. Let n(g) = -5*a(g) - 8*j(g). Determine n(-6).
-10
Let a(d) = 3*d**3 - 3*d**2 + 4*d - 6. Let k(o) = 4*o + 2*o**2 - 4*o - 19*o**3 + 3 + 17*o**3 - 2*o. Let g(f) = 3*a(f) + 5*k(f). Give g(2).
-3
Let a(w) = -15*w + 31. Let s(c) be the first derivative of -7*c**2/2 + 15*c + 22. Let r(i) = 6*a(i) - 13*s(i). Let l = 18 - 12. Determine r(l).
-3
Let t(y) = 3*y**3 - 5*y**2 + 9*y - 10. Let s(i) = 7*i**3 - 9*i**2 + 19*i - 21. Let n(x) = 2*s(x) - 5*t(x). Calculate n(6).
2
Let f(i) = i**2 - 7*i - 1. Let u(h) = h**3 + 3*h**2 - 8*h - 10. Suppose -3*m = 7*m + 40. Let k be u(m). Calculate f(k).
-7
Suppose -4*v = -5*f + 6*f, -4*v = -3*f. Suppose -2*c - 5*l - 6 = f, 3*l - 2 = 2*c + 4. Let z(y) = y - 1. Determine z(c).
-4
Let l(c) = -2*c**2 + 20*c - 13. Let w be l(9). Let k = -3 + 13. Suppose -2*b + a + w = 0, 0*b + b = -2*a - k. Let r(s) = -s**3 + s**2 - s + 8. What is r(b)?
8
Let d be -1 + (0 - 1) + -1. Let m = -2 - d. Let u(b) = 6*b**2 - b. Give u(m).
5
Let x(a) be the first derivative of -a**7/840 - 7*a**6/360 - a**5/30 + 5*a**4/24 - 11*a**3 + 35. Let g(p) be the third derivative of x(p). Determine g(-6).
-7
Let t(h) = -h**3 - 3*h - 3. Let n(w) = -w**3 - 2*w - 2